{"id":495,"date":"2026-03-09T11:45:51","date_gmt":"2026-03-09T10:45:51","guid":{"rendered":"https:\/\/test.tedcamper.ch\/datenschutzerklaerung\/"},"modified":"2026-03-25T13:27:25","modified_gmt":"2026-03-25T12:27:25","slug":"datenschutzerklaerung","status":"publish","type":"page","link":"https:\/\/test.tedcamper.ch\/de\/datenschutzerklaerung\/","title":{"rendered":"Datenschutzerkl\u00e4rung"},"content":{"rendered":"\n<h2 class=\"wp-block-heading\">Datenschutzerkl\u00e4rung<\/h2>\n\n<h3 class=\"wp-block-heading\">1. Erfasste Daten<\/h3>\n\n<p>Wir erfassen die f\u00fcr die Bearbeitung von Bestellungen erforderlichen Daten:<\/p>\n\n<ul class=\"wp-block-list\">\n<li>Name<\/li>\n\n\n\n<li>Adresse<\/li>\n\n\n\n<li>E-Mail<\/li>\n<\/ul>\n\n<hr class=\"wp-block-separator has-alpha-channel-opacity\"\/>\n\n<h3 class=\"wp-block-heading\">2. Verwendung der Daten<\/h3>\n\n<p>Die Daten werden ausschlie\u00dflich verwendet, um:<\/p>\n\n<ul class=\"wp-block-list\">\n<li>Bestellungen zu bearbeiten<\/li>\n\n\n\n<li>das Nutzererlebnis zu verbessern<\/li>\n<\/ul>\n\n<hr class=\"wp-block-separator has-alpha-channel-opacity\"\/>\n\n<h3 class=\"wp-block-heading\">3. Schutz<\/h3>\n\n<p>TED Camper ergreift Ma\u00dfnahmen zum Schutz der Daten.<\/p>\n\n<hr class=\"wp-block-separator has-alpha-channel-opacity\"\/>\n\n<h3 class=\"wp-block-heading\">4. Rechte<\/h3>\n\n<p>Du kannst die \u00c4nderung oder L\u00f6schung deiner Daten anfordern unter:<br\/><a href=\"mailto:info@tedcamper.ch\">info@tedcamper.ch<\/a><\/p>\n","protected":false},"excerpt":{"rendered":"<p>Datenschutzerkl\u00e4rung 1. Erfasste Daten Wir erfassen die f\u00fcr die Bearbeitung von Bestellungen erforderlichen Daten: 2. Verwendung der Daten Die Daten werden ausschlie\u00dflich verwendet, um: 3. Schutz TED Camper ergreift Ma\u00dfnahmen zum Schutz der Daten. 4. Rechte Du kannst die \u00c4nderung oder L\u00f6schung deiner Daten anfordern unter:info@tedcamper.ch<\/p>\n","protected":false},"author":1,"featured_media":0,"parent":0,"menu_order":0,"comment_status":"closed","ping_status":"closed","template":"","meta":{"_kad_post_transparent":"","_kad_post_title":"hide","_kad_post_layout":"narrow","_kad_post_sidebar_id":"","_kad_post_content_style":"","_kad_post_vertical_padding":"","_kad_post_feature":"","_kad_post_feature_position":"","_kad_post_header":false,"_kad_post_footer":false,"_kad_post_classname":"","footnotes":""},"class_list":["post-495","page","type-page","status-publish","hentry"],"_links":{"self":[{"href":"https:\/\/test.tedcamper.ch\/de\/wp-json\/wp\/v2\/pages\/495","targetHints":{"allow":["GET"]}}],"collection":[{"href":"https:\/\/test.tedcamper.ch\/de\/wp-json\/wp\/v2\/pages"}],"about":[{"href":"https:\/\/test.tedcamper.ch\/de\/wp-json\/wp\/v2\/types\/page"}],"author":[{"embeddable":true,"href":"https:\/\/test.tedcamper.ch\/de\/wp-json\/wp\/v2\/users\/1"}],"replies":[{"embeddable":true,"href":"https:\/\/test.tedcamper.ch\/de\/wp-json\/wp\/v2\/comments?post=495"}],"version-history":[{"count":3,"href":"https:\/\/test.tedcamper.ch\/de\/wp-json\/wp\/v2\/pages\/495\/revisions"}],"predecessor-version":[{"id":824,"href":"https:\/\/test.tedcamper.ch\/de\/wp-json\/wp\/v2\/pages\/495\/revisions\/824"}],"wp:attachment":[{"href":"https:\/\/test.tedcamper.ch\/de\/wp-json\/wp\/v2\/media?parent=495"}],"curies":[{"name":"wp","href":"https:\/\/api.w.org\/{rel}","templated":true}]}}

Datenschutzerklärung

<h2 class="wp-block-heading">Datenschutzerklärung</h2>

<h3 class="wp-block-heading">1. Erfasste Daten</h3>

<p>Wir erfassen die für die Bearbeitung von Bestellungen erforderlichen Daten:</p>

<ul class="wp-block-list">
<li>Name</li>



<li>Adresse</li>



<li>E-Mail</li>
</ul>

<hr class="wp-block-separator has-alpha-channel-opacity"/>

<h3 class="wp-block-heading">2. Verwendung der Daten</h3>

<p>Die Daten werden ausschließlich verwendet, um:</p>

<ul class="wp-block-list">
<li>Bestellungen zu bearbeiten</li>



<li>das Nutzererlebnis zu verbessern</li>
</ul>

<hr class="wp-block-separator has-alpha-channel-opacity"/>

<h3 class="wp-block-heading">3. Schutz</h3>

<p>TED Camper ergreift Maßnahmen zum Schutz der Daten.</p>

<hr class="wp-block-separator has-alpha-channel-opacity"/>

<h3 class="wp-block-heading">4. Rechte</h3>

<p>Du kannst die Änderung oder Löschung deiner Daten anfordern unter:<br/><a href="mailto:info@tedcamper.ch">info@tedcamper.ch</a></p>

<p>Datenschutzerklärung 1. Erfasste Daten Wir erfassen die für die Bearbeitung von Bestellungen erforderlichen Daten: 2. Verwendung der Daten Die Daten werden ausschließlich verwendet, um: 3. Schutz TED Camper ergreift Maßnahmen zum Schutz der Daten. 4. Rechte Du kannst die Änderung oder Löschung deiner Daten anfordern unter:info@tedcamper.ch</p>
